{"id":65,"date":"2023-10-14T23:41:02","date_gmt":"2023-10-14T23:41:02","guid":{"rendered":"https:\/\/benitezecografias.com.ar\/estudios-ecograficos\/?page_id=65"},"modified":"2023-12-29T14:25:31","modified_gmt":"2023-12-29T14:25:31","slug":"nosotros","status":"publish","type":"page","link":"https:\/\/benitezecografias.com.ar\/estudios-ecograficos\/nosotros\/","title":{"rendered":"Nosotros"},"content":{"rendered":"\t\t<div data-elementor-type=\"wp-page\" data-elementor-id=\"65\" class=\"elementor elementor-65\" data-elementor-post-type=\"page\">\n\t\t\t\t<div class=\"elementor-element elementor-element-f866c7c e-flex e-con-boxed e-con e-parent\" data-id=\"f866c7c\" data-element_type=\"container\" data-e-type=\"container\">\n\t\t\t\t\t<div class=\"e-con-inner\">\n\t\t\t\t<div class=\"elementor-element elementor-element-b1cae40 elementor-widget elementor-widget-heading\" data-id=\"b1cae40\" data-element_type=\"widget\" data-e-type=\"widget\" data-widget_type=\"heading.default\">\n\t\t\t\t<div class=\"elementor-widget-container\">\n\t\t\t\t\t<h2 class=\"elementor-heading-title elementor-size-default\">NOSOTROS<\/h2>\t\t\t\t<\/div>\n\t\t\t\t<\/div>\n\t\t\t\t\t<\/div>\n\t\t\t\t<\/div>\n\t\t<div class=\"elementor-element elementor-element-b0c7cc9 e-flex e-con-boxed e-con e-parent\" data-id=\"b0c7cc9\" data-element_type=\"container\" data-e-type=\"container\">\n\t\t\t\t\t<div class=\"e-con-inner\">\n\t\t<div class=\"elementor-element elementor-element-2acc0e5 e-con-full e-flex e-con e-child\" data-id=\"2acc0e5\" data-element_type=\"container\" data-e-type=\"container\">\n\t\t\t\t<div class=\"elementor-element elementor-element-f4f5490 elementor-widget elementor-widget-pp-team-member\" data-id=\"f4f5490\" data-element_type=\"widget\" data-e-type=\"widget\" data-widget_type=\"pp-team-member.default\">\n\t\t\t\t<div class=\"elementor-widget-container\">\n\t\t\t\t\t\t\t<div class=\"pp-tm-wrapper\">\n\t\t\t<div class=\"pp-tm\">\n\t\t\t\t<div class=\"pp-tm-image\"> \n\t\t\t\t\t<img fetchpriority=\"high\" decoding=\"async\" width=\"768\" height=\"513\" src=\"https:\/\/benitezecografias.com.ar\/estudios-ecograficos\/wp-content\/uploads\/2023\/10\/13-768x513.jpeg\" class=\"attachment-medium_large size-medium_large wp-image-30\" alt=\"\" srcset=\"https:\/\/benitezecografias.com.ar\/estudios-ecograficos\/wp-content\/uploads\/2023\/10\/13-768x513.jpeg 768w, https:\/\/benitezecografias.com.ar\/estudios-ecograficos\/wp-content\/uploads\/2023\/10\/13-300x200.jpeg 300w, https:\/\/benitezecografias.com.ar\/estudios-ecograficos\/wp-content\/uploads\/2023\/10\/13-1024x684.jpeg 1024w, https:\/\/benitezecografias.com.ar\/estudios-ecograficos\/wp-content\/uploads\/2023\/10\/13-1536x1025.jpeg 1536w, https:\/\/benitezecografias.com.ar\/estudios-ecograficos\/wp-content\/uploads\/2023\/10\/13-449x300.jpeg 449w, https:\/\/benitezecografias.com.ar\/estudios-ecograficos\/wp-content\/uploads\/2023\/10\/13.jpeg 1600w\" sizes=\"(max-width: 768px) 100vw, 768px\" \/>\n\t\t\t\t\t\t\t\t\t<\/div>\n\t\t\t\t<div class=\"pp-tm-content pp-tm-content-normal\">\n\t\t\t\t\t\t\t\t\t<h4 class=\"pp-tm-name\">\n\t\t\t\t\t\tDr. Roberto Benitez\t\t\t\t<\/h4>\n\t\t\t\t\t\t\t<div class=\"pp-tm-position\">\n\t\t\t\tFundador de Benitez Estudios Ecogr\u00e1ficos\t\t\t<\/div>\n\t\t\t\t\t\t\t<div class=\"pp-tm-description\">\n\t\t\t\t\t<p>Dr. Roberto Benitez, distinguido profesional de la salud con m\u00e1s de 25 a\u00f1os de experiencia en diagn\u00f3stico. <br \/>M\u00e9dico cirujano, generalista y especialista en diagn\u00f3stico por im\u00e1genes. <br \/>Egresado de la Universidad Nacional de C\u00f3rdoba. <br \/>Profesor titular jubilado de la c\u00e1tedra de anatom\u00edas radiol\u00f3gica en tecnicatura en radiolog\u00eda. <br \/>Director m\u00e9dico de CEDIALCOM LV SA <br \/>Director m\u00e9dico en Resonancia, Las Varillas<br \/>Director m\u00e9dico del LALCEC, Villa Maria<\/p>\t\t\t\t<\/div>\n\t\t\t\t\t\t\t\t\t\t<\/div>\n\t\t\t<\/div>\n\t\t<\/div>\n\t\t\t\t\t\t<\/div>\n\t\t\t\t<\/div>\n\t\t\t\t<\/div>\n\t\t<div class=\"elementor-element elementor-element-46b7ce6 e-con-full e-flex e-con e-child\" data-id=\"46b7ce6\" data-element_type=\"container\" data-e-type=\"container\">\n\t\t\t\t<div class=\"elementor-element elementor-element-39847a1 elementor-widget elementor-widget-pp-team-member\" data-id=\"39847a1\" data-element_type=\"widget\" data-e-type=\"widget\" data-widget_type=\"pp-team-member.default\">\n\t\t\t\t<div class=\"elementor-widget-container\">\n\t\t\t\t\t\t\t<div class=\"pp-tm-wrapper\">\n\t\t\t<div class=\"pp-tm\">\n\t\t\t\t<div class=\"pp-tm-image\"> \n\t\t\t\t\t<img decoding=\"async\" width=\"768\" height=\"513\" src=\"https:\/\/benitezecografias.com.ar\/estudios-ecograficos\/wp-content\/uploads\/2023\/12\/WhatsApp-Image-2023-12-18-at-08.34.40-768x513.jpeg\" class=\"attachment-medium_large size-medium_large wp-image-969\" alt=\"\" srcset=\"https:\/\/benitezecografias.com.ar\/estudios-ecograficos\/wp-content\/uploads\/2023\/12\/WhatsApp-Image-2023-12-18-at-08.34.40-768x513.jpeg 768w, https:\/\/benitezecografias.com.ar\/estudios-ecograficos\/wp-content\/uploads\/2023\/12\/WhatsApp-Image-2023-12-18-at-08.34.40-300x200.jpeg 300w, https:\/\/benitezecografias.com.ar\/estudios-ecograficos\/wp-content\/uploads\/2023\/12\/WhatsApp-Image-2023-12-18-at-08.34.40-1024x684.jpeg 1024w, https:\/\/benitezecografias.com.ar\/estudios-ecograficos\/wp-content\/uploads\/2023\/12\/WhatsApp-Image-2023-12-18-at-08.34.40-1536x1025.jpeg 1536w, https:\/\/benitezecografias.com.ar\/estudios-ecograficos\/wp-content\/uploads\/2023\/12\/WhatsApp-Image-2023-12-18-at-08.34.40.jpeg 1600w\" sizes=\"(max-width: 768px) 100vw, 768px\" \/>\n\t\t\t\t\t\t\t\t\t<\/div>\n\t\t\t\t<div class=\"pp-tm-content pp-tm-content-normal\">\n\t\t\t\t\t\t\t\t\t<h4 class=\"pp-tm-name\">\n\t\t\t\t\t\tDra. Marina Benitez\t\t\t\t<\/h4>\n\t\t\t\t\t\t\t<div class=\"pp-tm-position\">\n\t\t\t\tFundadora de Benitez Estudios Ecogr\u00e1ficos\t\t\t<\/div>\n\t\t\t\t\t\t\t<div class=\"pp-tm-description\">\n\t\t\t\t\t<p>Dra. Marina Benitez MP38818\/8<br \/>M\u00e9dica egresada de la Universidad Nacional de C\u00f3rdoba <br \/>Residencia finalizada en diagn\u00f3stico por im\u00e1genes<br \/>Miembro titular de la Sociedad de Patolog\u00eda Mamaria de C\u00f3rdoba, desde Octubre de 2021. <br \/>Staff del \u00e1rea de la mujer en BENITEZ diagn\u00f3stico ecogr\u00e1fico<br \/>Actualmente cursando Diplomatura en medicina fetal en Universidad Nacional de Tucum\u00e1n<\/p>\t\t\t\t<\/div>\n\t\t\t\t\t\t\t\t\t\t<\/div>\n\t\t\t<\/div>\n\t\t<\/div>\n\t\t\t\t\t\t<\/div>\n\t\t\t\t<\/div>\n\t\t\t\t<\/div>\n\t\t\t\t\t<\/div>\n\t\t\t\t<\/div>\n\t\t<div class=\"elementor-element elementor-element-cee3619 e-flex e-con-boxed e-con e-parent\" data-id=\"cee3619\" data-element_type=\"container\" data-e-type=\"container\">\n\t\t\t\t\t<div class=\"e-con-inner\">\n\t\t<div class=\"elementor-element elementor-element-4503f43 e-con-full e-flex e-con e-child\" data-id=\"4503f43\" data-element_type=\"container\" data-e-type=\"container\">\n\t\t\t\t<div class=\"elementor-element elementor-element-22b1ae1 elementor-widget elementor-widget-pp-team-member\" data-id=\"22b1ae1\" data-element_type=\"widget\" data-e-type=\"widget\" data-widget_type=\"pp-team-member.default\">\n\t\t\t\t<div class=\"elementor-widget-container\">\n\t\t\t\t\t\t\t<div class=\"pp-tm-wrapper\">\n\t\t\t<div class=\"pp-tm\">\n\t\t\t\t<div class=\"pp-tm-image\"> \n\t\t\t\t\t<img decoding=\"async\" width=\"768\" height=\"618\" src=\"https:\/\/benitezecografias.com.ar\/estudios-ecograficos\/wp-content\/uploads\/2023\/12\/DSC_7203-e1703711792214-768x618.jpg\" class=\"attachment-medium_large size-medium_large wp-image-1005\" alt=\"\" srcset=\"https:\/\/benitezecografias.com.ar\/estudios-ecograficos\/wp-content\/uploads\/2023\/12\/DSC_7203-e1703711792214-768x618.jpg 768w, https:\/\/benitezecografias.com.ar\/estudios-ecograficos\/wp-content\/uploads\/2023\/12\/DSC_7203-e1703711792214-300x241.jpg 300w, https:\/\/benitezecografias.com.ar\/estudios-ecograficos\/wp-content\/uploads\/2023\/12\/DSC_7203-e1703711792214-1024x824.jpg 1024w, https:\/\/benitezecografias.com.ar\/estudios-ecograficos\/wp-content\/uploads\/2023\/12\/DSC_7203-e1703711792214-1536x1236.jpg 1536w, https:\/\/benitezecografias.com.ar\/estudios-ecograficos\/wp-content\/uploads\/2023\/12\/DSC_7203-e1703711792214.jpg 1550w\" sizes=\"(max-width: 768px) 100vw, 768px\" \/>\n\t\t\t\t\t\t\t\t\t<\/div>\n\t\t\t\t<div class=\"pp-tm-content pp-tm-content-normal\">\n\t\t\t\t\t\t\t\t\t<h4 class=\"pp-tm-name\">\n\t\t\t\t\t\tLIc. Lucas Carrera\t\t\t\t<\/h4>\n\t\t\t\t\t\t\t<div class=\"pp-tm-position\">\n\t\t\t\tSecretario y Administrador de Ben\u00edtez Diagn\u00f3stico Ecogr\u00e1fico\t\t\t<\/div>\n\t\t\t\t\t\t\t<div class=\"pp-tm-description\">\n\t\t\t\t\t<p>Licenciado en Producci\u00f3n de BIO-im\u00e1genes en la Escuela de Tecnolog\u00eda M\u00e9dica de la Facultad de Ciencias Medicas de la Universidad Nacional de C\u00f3rdoba.<br \/>Matricula Habilitante 30-01668-6.<br \/>T\u00e9cnico superior en Producci\u00f3n de BIO-im\u00e1genes por el Instituto Superior V\u00edctor Mercante, Villa Mar\u00eda.<\/p>\t\t\t\t<\/div>\n\t\t\t\t\t\t\t\t\t\t<\/div>\n\t\t\t<\/div>\n\t\t<\/div>\n\t\t\t\t\t\t<\/div>\n\t\t\t\t<\/div>\n\t\t\t\t<\/div>\n\t\t<div class=\"elementor-element elementor-element-85f4099 e-con-full e-flex e-con e-child\" data-id=\"85f4099\" data-element_type=\"container\" data-e-type=\"container\">\n\t\t\t\t<div class=\"elementor-element elementor-element-0c23339 elementor-widget elementor-widget-pp-team-member\" data-id=\"0c23339\" data-element_type=\"widget\" data-e-type=\"widget\" data-widget_type=\"pp-team-member.default\">\n\t\t\t\t<div class=\"elementor-widget-container\">\n\t\t\t\t\t\t\t<div class=\"pp-tm-wrapper\">\n\t\t\t<div class=\"pp-tm\">\n\t\t\t\t<div class=\"pp-tm-image\"> \n\t\t\t\t\t<img loading=\"lazy\" decoding=\"async\" width=\"768\" height=\"625\" src=\"https:\/\/benitezecografias.com.ar\/estudios-ecograficos\/wp-content\/uploads\/2023\/12\/Luciana_Arcas-e1703859859521-768x625.jpg\" class=\"attachment-medium_large size-medium_large wp-image-1024\" alt=\"\" srcset=\"https:\/\/benitezecografias.com.ar\/estudios-ecograficos\/wp-content\/uploads\/2023\/12\/Luciana_Arcas-e1703859859521-768x625.jpg 768w, https:\/\/benitezecografias.com.ar\/estudios-ecograficos\/wp-content\/uploads\/2023\/12\/Luciana_Arcas-e1703859859521-300x244.jpg 300w, https:\/\/benitezecografias.com.ar\/estudios-ecograficos\/wp-content\/uploads\/2023\/12\/Luciana_Arcas-e1703859859521.jpg 879w\" sizes=\"(max-width: 768px) 100vw, 768px\" \/>\n\t\t\t\t\t\t\t\t\t<\/div>\n\t\t\t\t<div class=\"pp-tm-content pp-tm-content-normal\">\n\t\t\t\t\t\t\t\t\t<h4 class=\"pp-tm-name\">\n\t\t\t\t\t\tDra.Luciana Arcas\t\t\t\t<\/h4>\n\t\t\t\t\t\t\t<div class=\"pp-tm-position\">\n\t\t\t\tEncargada del \u00e1rea Doppler Vascular en Benitez diagn\u00f3stico ecogr\u00e1fico\t\t\t<\/div>\n\t\t\t\t\t\t\t<div class=\"pp-tm-description\">\n\t\t\t\t\t<p>M\u00e9dica egresada de la Universidad Nacional de C\u00f3rdoba. MP.33351<br \/>Residencia en diagn\u00f3stico por im\u00e1genes en Cl\u00ednica de especialidades.<br \/>Especializaci\u00f3n Doppler Vascular Perif\u00e9rico SAUMB.<\/p>\t\t\t\t<\/div>\n\t\t\t\t\t\t\t\t\t\t<\/div>\n\t\t\t<\/div>\n\t\t<\/div>\n\t\t\t\t\t\t<\/div>\n\t\t\t\t<\/div>\n\t\t\t\t<\/div>\n\t\t\t\t\t<\/div>\n\t\t\t\t<\/div>\n\t\t\t\t<\/div>\n\t\t","protected":false},"excerpt":{"rendered":"<p>NOSOTROS Dr. Roberto Benitez Fundador de Benitez Estudios Ecogr\u00e1ficos Dr. Roberto Benitez, distinguido profesional de la salud con m\u00e1s de 25 a\u00f1os de experiencia en diagn\u00f3stico. M\u00e9dico cirujano, generalista y especialista en diagn\u00f3stico por im\u00e1genes. Egresado de la Universidad Nacional de C\u00f3rdoba. Profesor titular jubilado de la c\u00e1tedra de anatom\u00edas radiol\u00f3gica en tecnicatura en radiolog\u00eda. [&hellip;]<\/p>\n","protected":false},"author":2,"featured_media":0,"parent":0,"menu_order":0,"comment_status":"closed","ping_status":"closed","template":"","meta":{"_joinchat":[],"footnotes":""},"class_list":["post-65","page","type-page","status-publish","hentry"],"_links":{"self":[{"href":"https:\/\/benitezecografias.com.ar\/estudios-ecograficos\/wp-json\/wp\/v2\/pages\/65","targetHints":{"allow":["GET"]}}],"collection":[{"href":"https:\/\/benitezecografias.com.ar\/estudios-ecograficos\/wp-json\/wp\/v2\/pages"}],"about":[{"href":"https:\/\/benitezecografias.com.ar\/estudios-ecograficos\/wp-json\/wp\/v2\/types\/page"}],"author":[{"embeddable":true,"href":"https:\/\/benitezecografias.com.ar\/estudios-ecograficos\/wp-json\/wp\/v2\/users\/2"}],"replies":[{"embeddable":true,"href":"https:\/\/benitezecografias.com.ar\/estudios-ecograficos\/wp-json\/wp\/v2\/comments?post=65"}],"version-history":[{"count":49,"href":"https:\/\/benitezecografias.com.ar\/estudios-ecograficos\/wp-json\/wp\/v2\/pages\/65\/revisions"}],"predecessor-version":[{"id":1034,"href":"https:\/\/benitezecografias.com.ar\/estudios-ecograficos\/wp-json\/wp\/v2\/pages\/65\/revisions\/1034"}],"wp:attachment":[{"href":"https:\/\/benitezecografias.com.ar\/estudios-ecograficos\/wp-json\/wp\/v2\/media?parent=65"}],"curies":[{"name":"wp","href":"https:\/\/api.w.org\/{rel}","templated":true}]}}