{"id":70,"date":"2023-10-14T23:41:18","date_gmt":"2023-10-14T23:41:18","guid":{"rendered":"https:\/\/benitezecografias.com.ar\/estudios-ecograficos\/?page_id=70"},"modified":"2023-11-22T21:28:56","modified_gmt":"2023-11-22T21:28:56","slug":"novedades","status":"publish","type":"page","link":"https:\/\/benitezecografias.com.ar\/estudios-ecograficos\/novedades\/","title":{"rendered":"Novedades"},"content":{"rendered":"\t\t<div data-elementor-type=\"wp-page\" data-elementor-id=\"70\" class=\"elementor elementor-70\" data-elementor-post-type=\"page\">\n\t\t\t\t<div class=\"elementor-element elementor-element-6f6b5b7 e-flex e-con-boxed e-con e-parent\" data-id=\"6f6b5b7\" data-element_type=\"container\" data-e-type=\"container\">\n\t\t\t\t\t<div class=\"e-con-inner\">\n\t\t\t\t<div class=\"elementor-element elementor-element-b680173 elementor-widget elementor-widget-heading\" data-id=\"b680173\" data-element_type=\"widget\" data-e-type=\"widget\" data-widget_type=\"heading.default\">\n\t\t\t\t<div class=\"elementor-widget-container\">\n\t\t\t\t\t<h2 class=\"elementor-heading-title elementor-size-default\">NOVEDADES<\/h2>\t\t\t\t<\/div>\n\t\t\t\t<\/div>\n\t\t\t\t\t<\/div>\n\t\t\t\t<\/div>\n\t\t<div class=\"elementor-element elementor-element-6e15e11 e-flex e-con-boxed e-con e-parent\" data-id=\"6e15e11\" data-element_type=\"container\" data-e-type=\"container\">\n\t\t\t\t\t<div class=\"e-con-inner\">\n\t\t\t\t<div class=\"elementor-element elementor-element-3c9e022 elementor-grid-3 elementor-grid-tablet-2 elementor-grid-mobile-1 elementor-posts--thumbnail-top elementor-card-shadow-yes elementor-posts__hover-gradient elementor-widget elementor-widget-posts\" data-id=\"3c9e022\" data-element_type=\"widget\" data-e-type=\"widget\" data-settings=\"{&quot;pagination_type&quot;:&quot;numbers_and_prev_next&quot;,&quot;cards_columns&quot;:&quot;3&quot;,&quot;cards_columns_tablet&quot;:&quot;2&quot;,&quot;cards_columns_mobile&quot;:&quot;1&quot;,&quot;cards_row_gap&quot;:{&quot;unit&quot;:&quot;px&quot;,&quot;size&quot;:35,&quot;sizes&quot;:[]},&quot;cards_row_gap_tablet&quot;:{&quot;unit&quot;:&quot;px&quot;,&quot;size&quot;:&quot;&quot;,&quot;sizes&quot;:[]},&quot;cards_row_gap_mobile&quot;:{&quot;unit&quot;:&quot;px&quot;,&quot;size&quot;:&quot;&quot;,&quot;sizes&quot;:[]}}\" data-widget_type=\"posts.cards\">\n\t\t\t\t<div class=\"elementor-widget-container\">\n\t\t\t\t\t\t\t<div class=\"elementor-posts-container elementor-posts elementor-posts--skin-cards elementor-grid\" role=\"list\">\n\t\t\t\t<article class=\"elementor-post elementor-grid-item post-531 post type-post status-publish format-standard has-post-thumbnail hentry category-novedades\" role=\"listitem\">\n\t\t\t<div class=\"elementor-post__card\">\n\t\t\t\t<a class=\"elementor-post__thumbnail__link\" href=\"https:\/\/benitezecografias.com.ar\/estudios-ecograficos\/cafe-rosa-dia-internacional-de-la-lucha-contra-el-cancer-de-mama\/\" tabindex=\"-1\" ><div class=\"elementor-post__thumbnail\"><img fetchpriority=\"high\" decoding=\"async\" width=\"300\" height=\"244\" src=\"https:\/\/benitezecografias.com.ar\/estudios-ecograficos\/wp-content\/uploads\/2023\/11\/mes_cancer_mama-e1700689042295-300x244.jpg\" class=\"attachment-medium size-medium wp-image-593\" alt=\"\" srcset=\"https:\/\/benitezecografias.com.ar\/estudios-ecograficos\/wp-content\/uploads\/2023\/11\/mes_cancer_mama-e1700689042295-300x244.jpg 300w, https:\/\/benitezecografias.com.ar\/estudios-ecograficos\/wp-content\/uploads\/2023\/11\/mes_cancer_mama-e1700689042295-1024x832.jpg 1024w, https:\/\/benitezecografias.com.ar\/estudios-ecograficos\/wp-content\/uploads\/2023\/11\/mes_cancer_mama-e1700689042295-768x624.jpg 768w, https:\/\/benitezecografias.com.ar\/estudios-ecograficos\/wp-content\/uploads\/2023\/11\/mes_cancer_mama-e1700689042295.jpg 1080w\" sizes=\"(max-width: 300px) 100vw, 300px\" \/><\/div><\/a>\n\t\t\t\t<div class=\"elementor-post__text\">\n\t\t\t\t<h3 class=\"elementor-post__title\">\n\t\t\t<a href=\"https:\/\/benitezecografias.com.ar\/estudios-ecograficos\/cafe-rosa-dia-internacional-de-la-lucha-contra-el-cancer-de-mama\/\" >\n\t\t\t\tCaf\u00e9 Rosa &#8211; Dia Internacional de la lucha contra el Cancer de Mama\t\t\t<\/a>\n\t\t<\/h3>\n\t\t\t\t\t<div class=\"elementor-post__read-more-wrapper\">\n\t\t\n\t\t<a class=\"elementor-post__read-more\" href=\"https:\/\/benitezecografias.com.ar\/estudios-ecograficos\/cafe-rosa-dia-internacional-de-la-lucha-contra-el-cancer-de-mama\/\" aria-label=\"M\u00e1s informaci\u00f3n sobre Caf\u00e9 Rosa &#8211; Dia Internacional de la lucha contra el Cancer de Mama\" tabindex=\"-1\" >\n\t\t\tLeer m\u00e1s \u00bb\t\t<\/a>\n\n\t\t\t\t\t<\/div>\n\t\t\t\t<\/div>\n\t\t\t\t<div class=\"elementor-post__meta-data\">\n\t\t\t\t\t<span class=\"elementor-post-date\">\n\t\t\t20 noviembre, 2023\t\t<\/span>\n\t\t\t\t<\/div>\n\t\t\t\t\t<\/div>\n\t\t<\/article>\n\t\t\t\t<\/div>\n\t\t\n\t\t\t\t\t\t<\/div>\n\t\t\t\t<\/div>\n\t\t\t\t\t<\/div>\n\t\t\t\t<\/div>\n\t\t\t\t<\/div>\n\t\t","protected":false},"excerpt":{"rendered":"<p>NOVEDADES<\/p>\n","protected":false},"author":2,"featured_media":0,"parent":0,"menu_order":0,"comment_status":"closed","ping_status":"closed","template":"","meta":{"_joinchat":[],"footnotes":""},"class_list":["post-70","page","type-page","status-publish","hentry"],"_links":{"self":[{"href":"https:\/\/benitezecografias.com.ar\/estudios-ecograficos\/wp-json\/wp\/v2\/pages\/70","targetHints":{"allow":["GET"]}}],"collection":[{"href":"https:\/\/benitezecografias.com.ar\/estudios-ecograficos\/wp-json\/wp\/v2\/pages"}],"about":[{"href":"https:\/\/benitezecografias.com.ar\/estudios-ecograficos\/wp-json\/wp\/v2\/types\/page"}],"author":[{"embeddable":true,"href":"https:\/\/benitezecografias.com.ar\/estudios-ecograficos\/wp-json\/wp\/v2\/users\/2"}],"replies":[{"embeddable":true,"href":"https:\/\/benitezecografias.com.ar\/estudios-ecograficos\/wp-json\/wp\/v2\/comments?post=70"}],"version-history":[{"count":10,"href":"https:\/\/benitezecografias.com.ar\/estudios-ecograficos\/wp-json\/wp\/v2\/pages\/70\/revisions"}],"predecessor-version":[{"id":587,"href":"https:\/\/benitezecografias.com.ar\/estudios-ecograficos\/wp-json\/wp\/v2\/pages\/70\/revisions\/587"}],"wp:attachment":[{"href":"https:\/\/benitezecografias.com.ar\/estudios-ecograficos\/wp-json\/wp\/v2\/media?parent=70"}],"curies":[{"name":"wp","href":"https:\/\/api.w.org\/{rel}","templated":true}]}}